{"id":78,"date":"2025-08-21T10:31:52","date_gmt":"2025-08-21T10:31:52","guid":{"rendered":"https:\/\/siri-thaimassage-buchholz.de\/?page_id=78"},"modified":"2025-11-26T09:47:03","modified_gmt":"2025-11-26T09:47:03","slug":"impressum","status":"publish","type":"page","link":"https:\/\/siri-thaimassage-buchholz.de\/index.php\/impressum\/","title":{"rendered":"Impressum"},"content":{"rendered":"<p>[et_pb_section fb_built=&#8220;1&#8243; _builder_version=&#8220;4.27.4&#8243; _module_preset=&#8220;default&#8220; global_colors_info=&#8220;{}&#8220;][et_pb_row _builder_version=&#8220;4.27.4&#8243; _module_preset=&#8220;default&#8220;][et_pb_column _builder_version=&#8220;4.27.4&#8243; _module_preset=&#8220;default&#8220; type=&#8220;4_4&#8243;][et_pb_text _builder_version=&#8220;4.27.4&#8243; _module_preset=&#8220;default&#8220; hover_enabled=&#8220;0&#8243; sticky_enabled=&#8220;0&#8243;]<\/p>\n<div class=\"et_pb_row et_pb_row_1 et_pb_equal_columns et_pb_gutters3\">\n<div class=\"et_pb_column et_pb_column_4_4 et_pb_column_1  et_pb_css_mix_blend_mode_passthrough et-last-child\">\n<div class=\"et_pb_module et_pb_text et_pb_text_7  et_pb_text_align_left et_pb_bg_layout_light\">\n<div class=\"et_pb_text_inner\">\n<p class=\"Zwischen-berschrift\"><span><strong>Siri\u00b4s Thaimassage<\/strong><\/span><br \/>Sch\u00fctzenstra\u00dfe 37<br \/>21244 Buchholz<br \/>Telefon:<span>\u00a0<\/span><a href=\"tel:041632651\">0152 &#8211; 166 012 54<\/a><\/p>\n<p class=\"Text1\">E-Mail:<span> sri.im711@gmail.com<\/span><br \/>Registereintragung: Industrie- und Handelskammer<br \/>Steuernummer: 15\/110\/03631<\/p>\n<p>Gerichts- und Erf\u00fcllungsort: Tostedt<\/p>\n<p>Gesch\u00e4ftsf\u00fchrerin: <span>Sripetch Dunkel<\/span><\/p>\n<p><strong>Datenschutz und Haftungshinweis<\/strong><br \/>Trotz sorgf\u00e4ltiger inhaltlicher Kontrolle \u00fcbernehmen wir keine Haftung f\u00fcr die Inhalte externer Links. F\u00fcr den Inhalt der verlinkten Seiten sind ausschlie\u00dflich deren Betreiber verantwortlich.<\/p>\n<p>Alle Fotos sind urheberrechtlich gesch\u00fctzt und d\u00fcrfen nicht ohne Genehmigung, privat oder kommerziell in ver\u00e4nderter oder unver\u00e4nderter Form genutzt werden.<\/p>\n<p>Quellenangaben der verwendeten Bilder und Grafiken:<br \/>\u00a9 <strong>www.istockphoto.com\/de<\/strong><\/p>\n<p>Informationen zum Datenschutz erhalten Sie hier.<\/p>\n<\/div>\n<\/div>\n<div class=\"et_pb_module et_pb_text et_pb_text_8  et_pb_text_align_left et_pb_bg_layout_light\">\n<div class=\"et_pb_text_inner\">\n<p><strong>Design und Umsetzung<\/strong><br \/>Webdesign und Konzeption von<a href=\"https:\/\/druckstudio.de\/grafikservice\/\" target=\"_blank\" rel=\"noopener\"> <span style=\"text-decoration: underline;\"><strong><span>medienwerk15<\/span><\/strong><\/span><\/a><br \/>Webl\u00f6sung von creativ hosting<\/p>\n<\/div>\n<\/div>\n<\/div>\n<\/div>\n<div class=\"et_pb_row et_pb_row_2 et_pb_equal_columns et_pb_gutters1\">\n<div class=\"et_pb_column et_pb_column_4_4 et_pb_column_2  et_pb_css_mix_blend_mode_passthrough et-last-child\">\n<div class=\"et_pb_module et_pb_text et_pb_text_9  et_pb_text_align_left et_pb_bg_layout_light\">\n<div class=\"et_pb_text_inner\">\n<p><strong>Au\u00dfergerichtliche Streitbeilegung<\/strong><br \/>Die Plattform der EU zur au\u00dfergerichtlichen Online-Streitbeilegung finden Sie hier:<span>\u00a0<\/span><a href=\"https:\/\/ec.europa.eu\/consumers\/odr\/\">https:\/\/ec.europa.eu\/consumers\/odr\/<\/a><br \/>Der Betreiber ist weder bereit noch verpflichtet, an einem Streitbeilegungsverfahren vor einer Verbraucherschlichtungsstelle teilzunehmen.<\/p>\n<\/div>\n<\/div>\n<\/div>\n<\/div>\n<p>[\/et_pb_text][\/et_pb_column][\/et_pb_row][\/et_pb_section]<\/p>\n","protected":false},"excerpt":{"rendered":"<p>Siri\u00b4s ThaimassageSch\u00fctzenstra\u00dfe 3721244 BuchholzTelefon:\u00a00152 &#8211; 166 012 54 E-Mail: sri.im711@gmail.comRegistereintragung: Industrie- und HandelskammerSteuernummer: 15\/110\/03631 Gerichts- und Erf\u00fcllungsort: Tostedt Gesch\u00e4ftsf\u00fchrerin: Sripetch Dunkel Datenschutz und HaftungshinweisTrotz sorgf\u00e4ltiger inhaltlicher Kontrolle \u00fcbernehmen wir keine Haftung f\u00fcr die Inhalte externer Links. F\u00fcr den Inhalt der verlinkten Seiten sind ausschlie\u00dflich deren Betreiber verantwortlich. Alle Fotos sind urheberrechtlich gesch\u00fctzt und d\u00fcrfen nicht [&hellip;]<\/p>\n","protected":false},"author":1,"featured_media":0,"parent":0,"menu_order":0,"comment_status":"closed","ping_status":"closed","template":"","meta":{"_et_pb_use_builder":"on","_et_pb_old_content":"","_et_gb_content_width":"","footnotes":""},"class_list":["post-78","page","type-page","status-publish","hentry"],"_links":{"self":[{"href":"https:\/\/siri-thaimassage-buchholz.de\/index.php\/wp-json\/wp\/v2\/pages\/78","targetHints":{"allow":["GET"]}}],"collection":[{"href":"https:\/\/siri-thaimassage-buchholz.de\/index.php\/wp-json\/wp\/v2\/pages"}],"about":[{"href":"https:\/\/siri-thaimassage-buchholz.de\/index.php\/wp-json\/wp\/v2\/types\/page"}],"author":[{"embeddable":true,"href":"https:\/\/siri-thaimassage-buchholz.de\/index.php\/wp-json\/wp\/v2\/users\/1"}],"replies":[{"embeddable":true,"href":"https:\/\/siri-thaimassage-buchholz.de\/index.php\/wp-json\/wp\/v2\/comments?post=78"}],"version-history":[{"count":6,"href":"https:\/\/siri-thaimassage-buchholz.de\/index.php\/wp-json\/wp\/v2\/pages\/78\/revisions"}],"predecessor-version":[{"id":305,"href":"https:\/\/siri-thaimassage-buchholz.de\/index.php\/wp-json\/wp\/v2\/pages\/78\/revisions\/305"}],"wp:attachment":[{"href":"https:\/\/siri-thaimassage-buchholz.de\/index.php\/wp-json\/wp\/v2\/media?parent=78"}],"curies":[{"name":"wp","href":"https:\/\/api.w.org\/{rel}","templated":true}]}}